{"id":122,"date":"2025-02-28T19:26:35","date_gmt":"2025-02-28T18:26:35","guid":{"rendered":"https:\/\/www.refreshyourlife.at\/graz-stpeter\/dankeanfrage\/"},"modified":"2025-03-07T08:41:52","modified_gmt":"2025-03-07T07:41:52","slug":"danke","status":"publish","type":"page","link":"https:\/\/www.refreshyourlife.at\/gleisdorf\/danke\/","title":{"rendered":"Danke"},"content":{"rendered":"\t\t<div data-elementor-type=\"wp-page\" data-elementor-id=\"122\" class=\"elementor elementor-122\" data-elementor-post-type=\"page\">\n\t\t\t\t\t\t<section class=\"elementor-section elementor-top-section elementor-element elementor-element-5d3163b4 elementor-reverse-mobile elementor-section-boxed elementor-section-height-default elementor-section-height-default\" data-id=\"5d3163b4\" data-element_type=\"section\" data-e-type=\"section\">\n\t\t\t\t\t\t<div class=\"elementor-container elementor-column-gap-default\">\n\t\t\t\t\t<div class=\"elementor-column elementor-col-50 elementor-top-column elementor-element elementor-element-4dafc7e\" data-id=\"4dafc7e\" data-element_type=\"column\" data-e-type=\"column\" data-settings=\"{&quot;background_background&quot;:&quot;gradient&quot;}\">\n\t\t\t<div class=\"elementor-widget-wrap elementor-element-populated\">\n\t\t\t\t\t\t<div class=\"elementor-element elementor-element-2e95b2de elementor-invisible elementor-widget elementor-widget-image\" data-id=\"2e95b2de\" data-element_type=\"widget\" data-e-type=\"widget\" data-settings=\"{&quot;_animation&quot;:&quot;fadeInLeft&quot;}\" data-widget_type=\"image.default\">\n\t\t\t\t<div class=\"elementor-widget-container\">\n\t\t\t\t\t\t\t\t\t\t\t\t\t\t\t<img fetchpriority=\"high\" decoding=\"async\" width=\"1000\" height=\"1000\" src=\"https:\/\/www.refreshyourlife.at\/gleisdorf\/wp-content\/uploads\/sites\/2\/2025\/02\/20240419-Refresh-your-life-Lifestyle12564-_tiff.jpg\" class=\"attachment-full size-full wp-image-98\" alt=\"Danke Refresh Your Life Graz-St.Peter\" srcset=\"https:\/\/www.refreshyourlife.at\/gleisdorf\/wp-content\/uploads\/sites\/2\/2025\/02\/20240419-Refresh-your-life-Lifestyle12564-_tiff.jpg 1000w, https:\/\/www.refreshyourlife.at\/gleisdorf\/wp-content\/uploads\/sites\/2\/2025\/02\/20240419-Refresh-your-life-Lifestyle12564-_tiff-300x300.jpg 300w, https:\/\/www.refreshyourlife.at\/gleisdorf\/wp-content\/uploads\/sites\/2\/2025\/02\/20240419-Refresh-your-life-Lifestyle12564-_tiff-150x150.jpg 150w, https:\/\/www.refreshyourlife.at\/gleisdorf\/wp-content\/uploads\/sites\/2\/2025\/02\/20240419-Refresh-your-life-Lifestyle12564-_tiff-768x768.jpg 768w\" sizes=\"(max-width: 1000px) 100vw, 1000px\" \/>\t\t\t\t\t\t\t\t\t\t\t\t\t\t\t<\/div>\n\t\t\t\t<\/div>\n\t\t\t\t\t<\/div>\n\t\t<\/div>\n\t\t\t\t<div class=\"elementor-column elementor-col-50 elementor-top-column elementor-element elementor-element-33291f27\" data-id=\"33291f27\" data-element_type=\"column\" data-e-type=\"column\">\n\t\t\t<div class=\"elementor-widget-wrap elementor-element-populated\">\n\t\t\t\t\t\t<div class=\"elementor-element elementor-element-3f3d0c30 elementor-invisible elementor-widget elementor-widget-heading\" data-id=\"3f3d0c30\" data-element_type=\"widget\" data-e-type=\"widget\" data-settings=\"{&quot;_animation&quot;:&quot;fadeInUp&quot;}\" data-widget_type=\"heading.default\">\n\t\t\t\t<div class=\"elementor-widget-container\">\n\t\t\t\t\t<h2 class=\"elementor-heading-title elementor-size-default\">Danke f\u00fcr Ihr Interesse!<\/h2>\t\t\t\t<\/div>\n\t\t\t\t<\/div>\n\t\t\t\t<div class=\"elementor-element elementor-element-210474fb elementor-widget elementor-widget-text-editor\" data-id=\"210474fb\" data-element_type=\"widget\" data-e-type=\"widget\" data-widget_type=\"text-editor.default\">\n\t\t\t\t<div class=\"elementor-widget-container\">\n\t\t\t\t\t\t\t\t\t<p>Danke! &#8211; Wir haben Ihre Nachricht erhalten und melden uns schnellstm\u00f6glich bei Ihnen. Bei weiteren Fragen stehen wir Ihnen jederzeit zur Verf\u00fcgung.\u00a0<\/p><p><b>Wir freuen uns darauf, Sie bald pers\u00f6nlich kennenzulernen!<\/b><\/p>\t\t\t\t\t\t\t\t<\/div>\n\t\t\t\t<\/div>\n\t\t\t\t<div class=\"elementor-element elementor-element-1146838c elementor-invisible elementor-widget elementor-widget-button\" data-id=\"1146838c\" data-element_type=\"widget\" data-e-type=\"widget\" data-settings=\"{&quot;_animation&quot;:&quot;fadeInRight&quot;,&quot;_animation_delay&quot;:480}\" data-widget_type=\"button.default\">\n\t\t\t\t<div class=\"elementor-widget-container\">\n\t\t\t\t\t\t\t\t\t<div class=\"elementor-button-wrapper\">\n\t\t\t\t\t<a class=\"elementor-button elementor-button-link elementor-size-md\" href=\"https:\/\/ryl.webpoet.eu\/graz-stpeter\/\">\n\t\t\t\t\t\t<span class=\"elementor-button-content-wrapper\">\n\t\t\t\t\t\t\t\t\t<span class=\"elementor-button-text\">zur\u00fcck<\/span>\n\t\t\t\t\t<\/span>\n\t\t\t\t\t<\/a>\n\t\t\t\t<\/div>\n\t\t\t\t\t\t\t\t<\/div>\n\t\t\t\t<\/div>\n\t\t\t\t\t<\/div>\n\t\t<\/div>\n\t\t\t\t\t<\/div>\n\t\t<\/section>\n\t\t\t\t<\/div>\n\t\t","protected":false},"excerpt":{"rendered":"<p>Danke f\u00fcr Ihr Interesse! Danke! &#8211; Wir haben Ihre Nachricht erhalten und melden uns schnellstm\u00f6glich bei Ihnen. Bei weiteren Fragen stehen wir Ihnen jederzeit zur Verf\u00fcgung.\u00a0 Wir freuen uns darauf, Sie bald pers\u00f6nlich kennenzulernen! zur\u00fcck<\/p>\n","protected":false},"author":2,"featured_media":0,"parent":0,"menu_order":0,"comment_status":"closed","ping_status":"closed","template":"","meta":{"footnotes":""},"class_list":["post-122","page","type-page","status-publish","hentry"],"yoast_head":"<!-- This site is optimized with the Yoast SEO plugin v25.6 - https:\/\/yoast.com\/wordpress\/plugins\/seo\/ -->\n<title>Danke - Refresh Your Life - Graz St. Peter<\/title>\n<meta name=\"description\" content=\"Danke f\u00fcr deine Nachricht! Schau in dein Postfach f\u00fcr weitere Infos. Wir freuen uns, dich bald begr\u00fc\u00dfen zu d\u00fcrfen.\" \/>\n<meta name=\"robots\" content=\"index, follow, max-snippet:-1, max-image-preview:large, max-video-preview:-1\" \/>\n<link rel=\"canonical\" href=\"https:\/\/www.refreshyourlife.at\/gleisdorf\/danke\/\" \/>\n<meta property=\"og:locale\" content=\"de_DE\" \/>\n<meta property=\"og:type\" content=\"article\" \/>\n<meta property=\"og:title\" content=\"Danke - Refresh Your Life - Graz St. Peter\" \/>\n<meta property=\"og:description\" content=\"Danke f\u00fcr deine Nachricht! Schau in dein Postfach f\u00fcr weitere Infos. Wir freuen uns, dich bald begr\u00fc\u00dfen zu d\u00fcrfen.\" \/>\n<meta property=\"og:url\" content=\"https:\/\/www.refreshyourlife.at\/gleisdorf\/danke\/\" \/>\n<meta property=\"og:site_name\" content=\"Refresh Your Life Gleisdorf\" \/>\n<meta property=\"article:modified_time\" content=\"2025-03-07T07:41:52+00:00\" \/>\n<meta property=\"og:image\" content=\"https:\/\/www.refreshyourlife.at\/grazstpeter\/wp-content\/uploads\/sites\/2\/2025\/02\/20240419-Refresh-your-life-Lifestyle12564-_tiff.jpg\" \/>\n<meta name=\"twitter:card\" content=\"summary_large_image\" \/>\n<meta name=\"twitter:label1\" content=\"Gesch\u00e4tzte Lesezeit\" \/>\n\t<meta name=\"twitter:data1\" content=\"1 Minute\" \/>\n<script type=\"application\/ld+json\" class=\"yoast-schema-graph\">{\"@context\":\"https:\/\/schema.org\",\"@graph\":[{\"@type\":\"WebPage\",\"@id\":\"https:\/\/www.refreshyourlife.at\/gleisdorf\/danke\/\",\"url\":\"https:\/\/www.refreshyourlife.at\/gleisdorf\/danke\/\",\"name\":\"Danke - Refresh Your Life - Graz St. Peter\",\"isPartOf\":{\"@id\":\"https:\/\/www.refreshyourlife.at\/gleisdorf\/#website\"},\"primaryImageOfPage\":{\"@id\":\"https:\/\/www.refreshyourlife.at\/gleisdorf\/danke\/#primaryimage\"},\"image\":{\"@id\":\"https:\/\/www.refreshyourlife.at\/gleisdorf\/danke\/#primaryimage\"},\"thumbnailUrl\":\"https:\/\/www.refreshyourlife.at\/grazstpeter\/wp-content\/uploads\/sites\/2\/2025\/02\/20240419-Refresh-your-life-Lifestyle12564-_tiff.jpg\",\"datePublished\":\"2025-02-28T18:26:35+00:00\",\"dateModified\":\"2025-03-07T07:41:52+00:00\",\"description\":\"Danke f\u00fcr deine Nachricht! Schau in dein Postfach f\u00fcr weitere Infos. Wir freuen uns, dich bald begr\u00fc\u00dfen zu d\u00fcrfen.\",\"breadcrumb\":{\"@id\":\"https:\/\/www.refreshyourlife.at\/gleisdorf\/danke\/#breadcrumb\"},\"inLanguage\":\"de-AT\",\"potentialAction\":[{\"@type\":\"ReadAction\",\"target\":[\"https:\/\/www.refreshyourlife.at\/gleisdorf\/danke\/\"]}]},{\"@type\":\"ImageObject\",\"inLanguage\":\"de-AT\",\"@id\":\"https:\/\/www.refreshyourlife.at\/gleisdorf\/danke\/#primaryimage\",\"url\":\"https:\/\/www.refreshyourlife.at\/grazstpeter\/wp-content\/uploads\/sites\/2\/2025\/02\/20240419-Refresh-your-life-Lifestyle12564-_tiff.jpg\",\"contentUrl\":\"https:\/\/www.refreshyourlife.at\/grazstpeter\/wp-content\/uploads\/sites\/2\/2025\/02\/20240419-Refresh-your-life-Lifestyle12564-_tiff.jpg\"},{\"@type\":\"BreadcrumbList\",\"@id\":\"https:\/\/www.refreshyourlife.at\/gleisdorf\/danke\/#breadcrumb\",\"itemListElement\":[{\"@type\":\"ListItem\",\"position\":1,\"name\":\"Startseite\",\"item\":\"https:\/\/www.refreshyourlife.at\/gleisdorf\/\"},{\"@type\":\"ListItem\",\"position\":2,\"name\":\"Danke\"}]},{\"@type\":\"WebSite\",\"@id\":\"https:\/\/www.refreshyourlife.at\/gleisdorf\/#website\",\"url\":\"https:\/\/www.refreshyourlife.at\/gleisdorf\/\",\"name\":\"Refresh Your Life Gleisdorf\",\"description\":\"Die innovative Salzkammer in Gleisdorf\",\"publisher\":{\"@id\":\"https:\/\/www.refreshyourlife.at\/gleisdorf\/#organization\"},\"potentialAction\":[{\"@type\":\"SearchAction\",\"target\":{\"@type\":\"EntryPoint\",\"urlTemplate\":\"https:\/\/www.refreshyourlife.at\/gleisdorf\/?s={search_term_string}\"},\"query-input\":{\"@type\":\"PropertyValueSpecification\",\"valueRequired\":true,\"valueName\":\"search_term_string\"}}],\"inLanguage\":\"de-AT\"},{\"@type\":\"Organization\",\"@id\":\"https:\/\/www.refreshyourlife.at\/gleisdorf\/#organization\",\"name\":\"Refresh Your Life Gleisdorf\",\"url\":\"https:\/\/www.refreshyourlife.at\/gleisdorf\/\",\"logo\":{\"@type\":\"ImageObject\",\"inLanguage\":\"de-AT\",\"@id\":\"https:\/\/www.refreshyourlife.at\/gleisdorf\/#\/schema\/logo\/image\/\",\"url\":\"https:\/\/www.refreshyourlife.at\/gleisdorf\/wp-content\/uploads\/sites\/2\/2025\/02\/logo.png\",\"contentUrl\":\"https:\/\/www.refreshyourlife.at\/gleisdorf\/wp-content\/uploads\/sites\/2\/2025\/02\/logo.png\",\"width\":1000,\"height\":201,\"caption\":\"Refresh Your Life Gleisdorf\"},\"image\":{\"@id\":\"https:\/\/www.refreshyourlife.at\/gleisdorf\/#\/schema\/logo\/image\/\"}}]}<\/script>\n<!-- \/ Yoast SEO plugin. -->","yoast_head_json":{"title":"Danke - Refresh Your Life - Graz St. Peter","description":"Danke f\u00fcr deine Nachricht! Schau in dein Postfach f\u00fcr weitere Infos. Wir freuen uns, dich bald begr\u00fc\u00dfen zu d\u00fcrfen.","robots":{"index":"index","follow":"follow","max-snippet":"max-snippet:-1","max-image-preview":"max-image-preview:large","max-video-preview":"max-video-preview:-1"},"canonical":"https:\/\/www.refreshyourlife.at\/gleisdorf\/danke\/","og_locale":"de_DE","og_type":"article","og_title":"Danke - Refresh Your Life - Graz St. Peter","og_description":"Danke f\u00fcr deine Nachricht! Schau in dein Postfach f\u00fcr weitere Infos. Wir freuen uns, dich bald begr\u00fc\u00dfen zu d\u00fcrfen.","og_url":"https:\/\/www.refreshyourlife.at\/gleisdorf\/danke\/","og_site_name":"Refresh Your Life Gleisdorf","article_modified_time":"2025-03-07T07:41:52+00:00","og_image":[{"url":"https:\/\/www.refreshyourlife.at\/grazstpeter\/wp-content\/uploads\/sites\/2\/2025\/02\/20240419-Refresh-your-life-Lifestyle12564-_tiff.jpg","type":"","width":"","height":""}],"twitter_card":"summary_large_image","twitter_misc":{"Gesch\u00e4tzte Lesezeit":"1 Minute"},"schema":{"@context":"https:\/\/schema.org","@graph":[{"@type":"WebPage","@id":"https:\/\/www.refreshyourlife.at\/gleisdorf\/danke\/","url":"https:\/\/www.refreshyourlife.at\/gleisdorf\/danke\/","name":"Danke - Refresh Your Life - Graz St. Peter","isPartOf":{"@id":"https:\/\/www.refreshyourlife.at\/gleisdorf\/#website"},"primaryImageOfPage":{"@id":"https:\/\/www.refreshyourlife.at\/gleisdorf\/danke\/#primaryimage"},"image":{"@id":"https:\/\/www.refreshyourlife.at\/gleisdorf\/danke\/#primaryimage"},"thumbnailUrl":"https:\/\/www.refreshyourlife.at\/grazstpeter\/wp-content\/uploads\/sites\/2\/2025\/02\/20240419-Refresh-your-life-Lifestyle12564-_tiff.jpg","datePublished":"2025-02-28T18:26:35+00:00","dateModified":"2025-03-07T07:41:52+00:00","description":"Danke f\u00fcr deine Nachricht! Schau in dein Postfach f\u00fcr weitere Infos. Wir freuen uns, dich bald begr\u00fc\u00dfen zu d\u00fcrfen.","breadcrumb":{"@id":"https:\/\/www.refreshyourlife.at\/gleisdorf\/danke\/#breadcrumb"},"inLanguage":"de-AT","potentialAction":[{"@type":"ReadAction","target":["https:\/\/www.refreshyourlife.at\/gleisdorf\/danke\/"]}]},{"@type":"ImageObject","inLanguage":"de-AT","@id":"https:\/\/www.refreshyourlife.at\/gleisdorf\/danke\/#primaryimage","url":"https:\/\/www.refreshyourlife.at\/grazstpeter\/wp-content\/uploads\/sites\/2\/2025\/02\/20240419-Refresh-your-life-Lifestyle12564-_tiff.jpg","contentUrl":"https:\/\/www.refreshyourlife.at\/grazstpeter\/wp-content\/uploads\/sites\/2\/2025\/02\/20240419-Refresh-your-life-Lifestyle12564-_tiff.jpg"},{"@type":"BreadcrumbList","@id":"https:\/\/www.refreshyourlife.at\/gleisdorf\/danke\/#breadcrumb","itemListElement":[{"@type":"ListItem","position":1,"name":"Startseite","item":"https:\/\/www.refreshyourlife.at\/gleisdorf\/"},{"@type":"ListItem","position":2,"name":"Danke"}]},{"@type":"WebSite","@id":"https:\/\/www.refreshyourlife.at\/gleisdorf\/#website","url":"https:\/\/www.refreshyourlife.at\/gleisdorf\/","name":"Refresh Your Life Gleisdorf","description":"Die innovative Salzkammer in Gleisdorf","publisher":{"@id":"https:\/\/www.refreshyourlife.at\/gleisdorf\/#organization"},"potentialAction":[{"@type":"SearchAction","target":{"@type":"EntryPoint","urlTemplate":"https:\/\/www.refreshyourlife.at\/gleisdorf\/?s={search_term_string}"},"query-input":{"@type":"PropertyValueSpecification","valueRequired":true,"valueName":"search_term_string"}}],"inLanguage":"de-AT"},{"@type":"Organization","@id":"https:\/\/www.refreshyourlife.at\/gleisdorf\/#organization","name":"Refresh Your Life Gleisdorf","url":"https:\/\/www.refreshyourlife.at\/gleisdorf\/","logo":{"@type":"ImageObject","inLanguage":"de-AT","@id":"https:\/\/www.refreshyourlife.at\/gleisdorf\/#\/schema\/logo\/image\/","url":"https:\/\/www.refreshyourlife.at\/gleisdorf\/wp-content\/uploads\/sites\/2\/2025\/02\/logo.png","contentUrl":"https:\/\/www.refreshyourlife.at\/gleisdorf\/wp-content\/uploads\/sites\/2\/2025\/02\/logo.png","width":1000,"height":201,"caption":"Refresh Your Life Gleisdorf"},"image":{"@id":"https:\/\/www.refreshyourlife.at\/gleisdorf\/#\/schema\/logo\/image\/"}}]}},"_links":{"self":[{"href":"https:\/\/www.refreshyourlife.at\/gleisdorf\/wp-json\/wp\/v2\/pages\/122","targetHints":{"allow":["GET"]}}],"collection":[{"href":"https:\/\/www.refreshyourlife.at\/gleisdorf\/wp-json\/wp\/v2\/pages"}],"about":[{"href":"https:\/\/www.refreshyourlife.at\/gleisdorf\/wp-json\/wp\/v2\/types\/page"}],"author":[{"embeddable":true,"href":"https:\/\/www.refreshyourlife.at\/gleisdorf\/wp-json\/wp\/v2\/users\/2"}],"replies":[{"embeddable":true,"href":"https:\/\/www.refreshyourlife.at\/gleisdorf\/wp-json\/wp\/v2\/comments?post=122"}],"version-history":[{"count":14,"href":"https:\/\/www.refreshyourlife.at\/gleisdorf\/wp-json\/wp\/v2\/pages\/122\/revisions"}],"predecessor-version":[{"id":392,"href":"https:\/\/www.refreshyourlife.at\/gleisdorf\/wp-json\/wp\/v2\/pages\/122\/revisions\/392"}],"wp:attachment":[{"href":"https:\/\/www.refreshyourlife.at\/gleisdorf\/wp-json\/wp\/v2\/media?parent=122"}],"curies":[{"name":"wp","href":"https:\/\/api.w.org\/{rel}","templated":true}]}}